millions digit of 269627179?
6
What is the ten millions digit of 825653457?
2
What is the tens digit of 160697952?
5
What is the millions digit of 317847063?
7
What is the millions digit of 6582050?
6
What is the hundreds digit of 38977489?
4
What is the ten thousands digit of 6878483?
7
What is the hundred thousands digit of 496207177?
2
What is the thousands digit of 341022623?
2
What is the units digit of 40367135?
5
What is the ten thousands digit of 21643289?
4
What is the ten thousands digit of 37601608?
0
What is the tens digit of 328150526?
2
What is the ten thousands digit of 257783871?
8
What is the ten millions digit of 41344296?
4
What is the ten thousands digit of 21194956?
9
What is the ten thousands digit of 384742887?
4
What is the thousands digit of 245959167?
9
What is the units digit of 3782149001?
1
What is the hundred thousands digit of 6636032?
6
What is the units digit of 52549168?
8
What is the hundred thousands digit of 255001776?
0
What is the hundred thousands digit of 4805437?
8
What is the units digit of 3277843947?
7
What is the tens digit of 43457928?
2
What is the ten millions digit of 236838913?
3
What is the millions digit of 100253327?
0
What is the ten millions digit of 45244524?
4
What is the hundred millions digit of 515632376?
5
What is the units digit of 19680999?
9
What is the tens digit of 4664866585?
8
What is the hundred millions digit of 210249825?
2
What is the tens digit of 1651346412?
1
What is the ten thousands digit of 58513652?
1
What is the thousands digit of 2364334985?
4
What is the ten millions digit of 190213849?
9
What is the tens digit of 677000430?
3
What is the ten millions digit of 477260496?
7
What is the thousands digit of 167626150?
6
What is the ten thousands digit of 897920529?
2
What is the hundreds digit of 180487193?
1
What is the ten thousands digit of 363490363?
9
What is the hundreds digit of 148511219?
2
What is the ten millions digit of 435546139?
3
What is the ten millions digit of 41192193?
4
What is the millions digit of 499307635?
9
What is the tens digit of 457489609?
0
What is the hundred thousands digit of 113896385?
8
What is the millions digit of 188678160?
8
What is the thousands digit of 492944462?
4
What is the units digit of 48519439?
9
What is the tens digit of 556111003?
0
What is the hundred thousands digit of 253415728?
4
What is the units digit of 10194417?
7
What is the thousands digit of 6386290608?
0
What is the thousands digit of 686667053?
7
What is the ten millions digit of 5075666976?
7
What is the thousands digit of 597823409?
3
What is the units digit of 86359157?
7
What is the units digit of 70664861?
1
What is the thousands digit of 117857025?
7
What is the thousands digit of 696498282?
8
What is the tens digit of 44221308?
0
What is the ten thousands digit of 36910430?
1
What is the hundred millions digit of 102408981?
1
What is the hundred thousands digit of 469348989?
3
What is the thousands digit of 922987041?
7
What is the units digit of 1313741896?
6
What is the millions digit of 1054928341?
4
What is the units digit of 3023474476?
6
What is the tens digit of 6851022?
2
What is the hundreds digit of 107318460?
4
What is the ten thousands digit of 29576529?
7
What is the hundred thousands digit of 907288107?
2
What is the hundred thousands digit of 112766916?
7
What is the tens digit of 9250882349?
4
What is the hundreds digit of 344931395?
3
What is the hundreds digit of 419528153?
1
What is the millions digit of 1575975729?
5
What is the millions digit of 1453598505?
3
What is the ten millions digit of 166582965?
6
What is the hundreds digit of 134426335?
3
What is the hundred thousands digit of 126698506?
6
What is the millions digit of 399510591?
9
What is the hundreds digit of 43744623?
6
What is the ten millions digit of 2814000488?
1
What is the hundred thousands digit of 623147169?
1
What is the units digit of 8159399652?
2
What is the ten thousands digit of 2250800046?
0
What is the hundreds digit of 36190468?
4
What is the millions digit of 135915048?
5
What is the hundred thousands digit of 289830758?
8
What is the thousands digit of 4526783302?
3
What is the tens digit of 82158297?
9
What is the hundred millions digit of 525468653?
5
What is the ten millions digit of 72197926?
7
What is the hundred millions digit of 123724908?
1
What is the thousands digit of 220428071?
8
What is the thousands digit of 64857170?
7
What is the ten millions digit of 1285275795?
8
What is the hundred thousands digit of 234078863?
0
What is the units digit of 4445213217?
7
What is the hundred millions digit of 1312415291?
3
What is the units digit of 33364860?
0
What is the ten millions digit of 4042543779?
4
What is the hundreds digit of 42199147?
1
What is the units digit of 340773757?
7
What is the units digit of 1817141408?
8
What is the units digit of 55608911?
1
What is the thousands digit of 25396299?
6
What is the ten millions digit of 315259864?
1
What is the millions digit of 2152237728?
2
What is the hundreds digit of 5083300156?
1
What is the ten millions digit of 2067482677?
6
What is the tens digit of 2535508128?
2
What is the ten millions digit of 69052971?
6
What is the units digit of 416913293?
3
What is the millions digit of 2096488327?
6
What is the billions digit of 2338096592?
2
What is the units digit of 282404843?
3
What is the billions digit of 1205188118?
1
What is the hundred thousands digit of 2406061978?
0
What is the units digit of 2629989430?
0
What is the millions digit of 631383307?
1
What is the units digit of 3777538862?
2
What is the ten millions digit of 341143242?
4
What is the tens digit of 47121784?
8
What is the millions digit of 905368635?
5
What is the hundred thousands digit of 586470258?
4
What is the hundred thousands digit of 141962061?
9
What is the thousands digit of 323690320?
0
What is the units digit of 702924997?
7
What is the millions digit of 51798952?
1
What is the millions digit of 844969739?
4
What is the ten thousands digit of 4072610603?
1
What is the ten thousands digit of 21701159?
0
What is the hundred millions digit of 3112972544?
1
What is the hundred thousands digit of 35393371?
3
What is the ten thousands digit of 2791198978?
9
What is the hundreds digit of 587475059?
0
What is the billions digit of 3302503490?
3
What is the millions digit of 26423483?
6
What is the hundreds digit of 1275471419?
4
What is the tens digit of 186757776?
7
What is the hundred thousands digit of 6012690879?
6
What is the units digit of 1492996149?
9
What is the hundred millions digit of 423181328?
4
What is the hundreds digit of 346050941?
9
What is the hundred millions digit of 325836820?
3
What is the units digit of 150312520?
0
What is the millions digit of 59601593?
9
What is the ten millions digit of 1151485960?
5
What is the units digit of 182055933?
3
What is the units digit of 80347413?
3
What is the hundreds digit of 54396526?
5
What is the hundreds digit of 53971344?
3
What is the hundred thousands digit of 2888238446?
2
What is the millions digit of 2764815060?
4
What is the tens digit of 262428284?
8
What is the ten thousands digit of 124564594?
6
What is the hundreds digit of 358418184?
1
What is the ten millions digit of 2060288617?
6
What is the hundreds digit of 63043570?
5
What is the ten thousands digit of 549152989?
5
What is the hundred millions digit of 280307085?
2
What is the ten thousands digit of 53234560?
3
What is the ten thousands digit of 85745422?
4
What is the thousands digit of 54476340?
6
What is the hundred millions digit of 160495245?
1
What is the tens digit of 595281080?
8
What is the ten thousands digit of 642816575?
1
What is the units digit of 697712237?
7
What is the ten thousands digit of 374326228?
2
What is the millions digit of 922147699?
2
What is the tens digit of 3064646088?
8
What is the hundreds digit of 11647028?
0
What is the millions digit of 226506149?
6
What is the tens digit of 3351888373?
7
What is the hundreds digit of 2890922165?
1
What is the ten millions digit of 281269951?
8
What is the ten thousands digit of 181299210?
9
What is the ten millions digit of 1557983356?
5
What is the hundred thousands digit of 44039592?
0
What is the hundre